{"id":35,"date":"2019-12-29T23:46:24","date_gmt":"2019-12-29T23:46:24","guid":{"rendered":"http:\/\/physiotherapie-kohlscheid.de\/?page_id=35"},"modified":"2020-01-05T17:32:26","modified_gmt":"2020-01-05T17:32:26","slug":"impressum","status":"publish","type":"page","link":"https:\/\/physiotherapie-kohlscheid.de\/?page_id=35","title":{"rendered":"Impressum"},"content":{"rendered":"<p>Unsere Praxis wurde 1994 als Praxisgemeinschaft gegr\u00fcndet.Zur Zeit arbeiten wir als 7-k\u00f6pfiges Team auf 150 m\u00b2 Behandlungsfl\u00e4che.<\/p>\n<p>Wir verf\u00fcgen \u00fcber einen kleinen Ger\u00e4tepark, der auf den folgenden Seiten zu sehen ist<\/p>\n<p>Terminvereinbarungen nehmen wir gerne telefonisch oder auch pers\u00f6nlich entgegen. Unsere Anmeldung ist Mo bis\u00a0 Fr. von 8.00 bis 12.00 Uhr besetzt, ansonsten l\u00e4uft ein Anrufbeantworter.<\/p>\n<p><strong>Impressum<\/strong><br \/>\nMartin Beaujean<br \/>\nPhysiotherapiepraxis Martin Beaujean<br \/>\nWeststra\u00dfe 126<br \/>\n52134 Herzogenrath<br \/>\nTelefon: 02407 \/ 80404<br \/>\nTelefax: 02407 \/ 918266<br \/>\nEmailadresse: info@physiotherapie-kohlscheid.de<br \/>\nWebsite : <a href=\"http:\/\/www.physiotherapie-kohlscheid.de\">www.physiotherapie-kohlscheid.de<\/a><br \/>\n<strong>Rechtsform:\u00a0 <\/strong>Freiberufler<br \/>\n<strong>Registereintrag<\/strong><br \/>\nIK Nummer Martin Beaujean 442530551<br \/>\n<strong>Berufsverband: <\/strong><br \/>\nWir sind Mitglied im deutschen Zentralverband Physiotherapeuten \/ Krankengymnasten (ZVK) e.V.<\/p>\n<p><strong>Verantwortlich gem\u00e4\u00df \u00a7 5 TMG<\/strong> Martin Beaujean<br \/>\n<strong>Rechtshinweis:<\/strong><br \/>\nDie Herausgeber sind bem\u00fcht, auf ihrer Webseite stets richtige, aktuelle und vollst\u00e4ndige Informationen bereitzustellen und \u00e4ndern oder erg\u00e4nzen diese daher bei Bedarf laufend und ohne vorherige Ank\u00fcndigung. Dennoch m\u00fcssen wir f\u00fcr die Korrektheit, Aktualit\u00e4t, Qualit\u00e4t und Vollst\u00e4ndigkeit jede Gew\u00e4hr, Haftung oder Garantie ausschlie\u00dfen. Dies gilt auch f\u00fcr alle Verweise, so genannte &#8222;Hyperlinks&#8220;, die die Herausgeber auf ihrer Webseite direkt oder indirekt anbieten. Die Herausgeber k\u00f6nnen f\u00fcr die Inhalte solcher externen Seiten, die Sie mittels eines Links oder sonstiger Hinweise erreichen, keine Verantwortung \u00fcbernehmen. Ferner haften die Herausgeber nicht f\u00fcr direkte oder indirekte Sch\u00e4den (inkl. entgangener Gewinne), die auf Informationen zur\u00fcckgef\u00fchrt werden k\u00f6nnen, die auf diesen externen Webseiten stehen.<\/p>\n","protected":false},"excerpt":{"rendered":"<p>Unsere Praxis wurde 1994 als Praxisgemeinschaft gegr\u00fcndet.Zur Zeit arbeiten wir als 7-k\u00f6pfiges Team auf 150 m\u00b2 Behandlungsfl\u00e4che. Wir verf\u00fcgen \u00fcber einen kleinen Ger\u00e4tepark, der auf den folgenden Seiten zu sehen ist Terminvereinbarungen nehmen wir gerne telefonisch oder auch pers\u00f6nlich entgegen. Unsere Anmeldung ist Mo bis\u00a0 Fr. von 8.00 bis 12.00 Uhr besetzt, ansonsten l\u00e4uft ein &hellip; <\/p>\n<p class=\"link-more\"><a href=\"https:\/\/physiotherapie-kohlscheid.de\/?page_id=35\" class=\"more-link\"><span class=\"screen-reader-text\">\u201eImpressum\u201c<\/span> weiterlesen<\/a><\/p>\n","protected":false},"author":1,"featured_media":0,"parent":0,"menu_order":0,"comment_status":"closed","ping_status":"closed","template":"","meta":[],"_links":{"self":[{"href":"https:\/\/physiotherapie-kohlscheid.de\/index.php?rest_route=\/wp\/v2\/pages\/35"}],"collection":[{"href":"https:\/\/physiotherapie-kohlscheid.de\/index.php?rest_route=\/wp\/v2\/pages"}],"about":[{"href":"https:\/\/physiotherapie-kohlscheid.de\/index.php?rest_route=\/wp\/v2\/types\/page"}],"author":[{"embeddable":true,"href":"https:\/\/physiotherapie-kohlscheid.de\/index.php?rest_route=\/wp\/v2\/users\/1"}],"replies":[{"embeddable":true,"href":"https:\/\/physiotherapie-kohlscheid.de\/index.php?rest_route=%2Fwp%2Fv2%2Fcomments&post=35"}],"version-history":[{"count":3,"href":"https:\/\/physiotherapie-kohlscheid.de\/index.php?rest_route=\/wp\/v2\/pages\/35\/revisions"}],"predecessor-version":[{"id":78,"href":"https:\/\/physiotherapie-kohlscheid.de\/index.php?rest_route=\/wp\/v2\/pages\/35\/revisions\/78"}],"wp:attachment":[{"href":"https:\/\/physiotherapie-kohlscheid.de\/index.php?rest_route=%2Fwp%2Fv2%2Fmedia&parent=35"}],"curies":[{"name":"wp","href":"https:\/\/api.w.org\/{rel}","templated":true}]}}